ctors of 341.
11, 31
List the prime factors of 1654.
2, 827
What are the prime factors of 1836?
2, 3, 17
List the prime factors of 11951.
17, 19, 37
List the prime factors of 462.
2, 3, 7, 11
What are the prime factors of 21059?
21059
What are the prime factors of 7423?
13, 571
What are the prime factors of 58683?
3, 31, 631
What are the prime factors of 2205?
3, 5, 7
List the prime factors of 44551.
13, 23, 149
List the prime factors of 4472.
2, 13, 43
What are the prime factors of 15423?
3, 53, 97
What are the prime factors of 3567?
3, 29, 41
List the prime factors of 7717.
7717
What are the prime factors of 3567?
3, 29, 41
List the prime factors of 1278.
2, 3, 71
List the prime factors of 1451.
1451
What are the prime factors of 177?
3, 59
List the prime factors of 8334.
2, 3, 463
What are the prime factors of 1160?
2, 5, 29
What are the prime factors of 5118?
2, 3, 853
List the prime factors of 110125.
5, 881
List the prime factors of 1898.
2, 13, 73
What are the prime factors of 25481?
83, 307
What are the prime factors of 21362?
2, 11, 971
What are the prime factors of 5431?
5431
List the prime factors of 10617.
3, 3539
List the prime factors of 879.
3, 293
What are the prime factors of 53985?
3, 5, 59, 61
List the prime factors of 1740.
2, 3, 5, 29
List the prime factors of 19087.
19087
List the prime factors of 918.
2, 3, 17
What are the prime factors of 8140?
2, 5, 11, 37
List the prime factors of 6956.
2, 37, 47
List the prime factors of 14929.
14929
List the prime factors of 552.
2, 3, 23
What are the prime factors of 34553?
109, 317
List the prime factors of 177.
3, 59
What are the prime factors of 4583?
4583
What are the prime factors of 3606?
2, 3, 601
What are the prime factors of 84155?
5, 16831
List the prime factors of 82.
2, 41
What are the prime factors of 1132?
2, 283
List the prime factors of 11815.
5, 17, 139
List the prime factors of 220.
2, 5, 11
What are the prime factors of 48005?
5, 9601
List the prime factors of 599.
599
What are the prime factors of 39659?
39659
List the prime factors of 129266.
2, 64633
What are the prime factors of 21088?
2, 659
List the prime factors of 104980.
2, 5, 29, 181
List the prime factors of 1322.
2, 661
What are the prime factors of 41753?
43, 971
List the prime factors of 17912.
2, 2239
What are the prime factors of 2371?
2371
List the prime factors of 26203.
26203
What are the prime factors of 1978?
2, 23, 43
List the prime factors of 18749.
18749
List the prime factors of 4182.
2, 3, 17, 41
List the prime factors of 10199.
7, 31, 47
List the prime factors of 21284.
2, 17, 313
What are the prime factors of 75631?
53, 1427
What are the prime factors of 78313?
71, 1103
What are the prime factors of 238?
2, 7, 17
List the prime factors of 10410.
2, 3, 5, 347
What are the prime factors of 48942?
2, 3, 2719
What are the prime factors of 12830?
2, 5, 1283
List the prime factors of 16255.
5, 3251
What are the prime factors of 78471?
3, 8719
List the prime factors of 559.
13, 43
What are the prime factors of 103220?
2, 5, 13, 397
What are the prime factors of 17731?
7, 17, 149
List the prime factors of 34422.
2, 3, 5737
List the prime factors of 6933.
3, 2311
List the prime factors of 901.
17, 53
What are the prime factors of 218?
2, 109
What are the prime factors of 1942?
2, 971
What are the prime factors of 72916?
2, 18229
What are the prime factors of 25567?
37, 691
List the prime factors of 2924.
2, 17, 43
What are the prime factors of 1284?
2, 3, 107
What are the prime factors of 334?
2, 167
List the prime factors of 55901.
55901
What are the prime factors of 2067?
3, 13, 53
List the prime factors of 2490.
2, 3, 5, 83
What are the prime factors of 1669?
1669
List the prime factors of 22955.
5, 4591
List the prime factors of 21815.
5, 4363
List the prime factors of 1451.
1451
What are the prime factors of 2997?
3, 37
What are the prime factors of 569?
569
What are the prime factors of 254?
2, 127
List the prime factors of 48203.
19, 43, 59
List the prime factors of 39652.
2, 23, 431
What are the prime factors of 36837?
3, 4093
List the prime factors of 355.
5, 71
List the prime factors of 17108.
2, 7, 13, 47
What are the prime factors of 22678?
2, 17, 23, 29
List the prime factors of 238.
2, 7, 17
List the prime factors of 329.
7, 47
What are the prime factors of 106136?
2, 13267
What are the prime factors of 1247?
29, 43
What are the prime factors of 8198?
2, 4099
What are the prime factors of 1051?
1051
List the prime factors of 27071.
11, 23, 107
List the prime factors of 566.
2, 283
What are the prime factors of 23321?
23321
List the prime factors of 23984.
2, 1499
What are the prime factors of 4678?
2, 2339
What are the prime factors of 83834?
2, 167, 251
What are the prime factors of 353?
353
List the prime factors of 39727.
39727
What are the prime factors of 1516?
2, 379
What are the prime factors of 1614?
2, 3, 269
What are the prime factors of 590?
2, 5, 59
List the prime factors of 907.
907
List the prime factors of 2415.
3, 5, 7, 23
List the prime factors of 1002.
2, 3, 167
What are the prime factors of 99422?
2, 49711
What are the prime factors of 2355?
3, 5, 157
List the prime factors of 514.
2, 257
What are the prime factors of 2537?
43, 59
What are the prime factors of 156?
2, 3, 13
List the prime factors of 16722.
2, 3, 929
What are the prime factors of 106342?
2, 53171
List the prime factors of 5528.
2, 691
List the prime factors of 844.
2, 211
What are the prime factors of 4175?
5, 167
What are the prime factors of 121934?
2, 41, 1487
List the prime factors of 8403.
3, 2801
List the prime factors of 1653.
3, 19, 29
What are the prime factors of 17430?
2, 3, 5, 7, 83
What are the prime factors of 368?
2, 23
List the prime factors of 70404.
2, 3, 5867
What are the prime factors of 19710?
2, 3, 5, 73
List the prime factors of 67805.
5, 71, 191
What are the prime factors of 22856?
2, 2857
List the prime factors of 54595.
5, 61, 179
List the prime factors of 36272.
2, 2267
List the prime factors of 44.
2, 11
List the prime factors of 1478.
2, 739
List the prime factors of 68899.
68899
List the prime factors of 8776.
2, 1097
What are the prime factors of 40552?
2, 37, 137
List the prime factors of 1601.
1601
List the prime factors of 457.
457
List the prime factors of 254.
2, 127
List the prime factors of 695.
5, 139
List the prime factors of 6499.
67, 97
List the prime factors of 755.
5, 151
What are the prime factors of 432?
2, 3
List the prime factors of 13663.
13, 1051
List the prime factors of 1185.
3, 5, 79
What are the prime factors of 12308?
2, 17, 181
What are the prime factors of 26759?
26759
List the prime factors of 21.
3, 7
What are the prime factors of 74?
2, 37
List the prime factors of 2342.
2, 1171
List the prime factors of 34420.
2, 5, 1721
What are the prime factors of 543?
3, 181
What are the prime factors of 16756?
2, 59, 71
What are the prime factors of 54?
2, 3
What are the prime factors of 191850?
2, 3, 5, 1279
What are the prime factors of 3231?
3, 359
List the prime factors of 77966.
2, 7, 5569
What are the prime factors of 5755?
5, 1151
List the prime factors of 7625.
5, 61
List the prime factors of 7293.
3, 11, 13, 17
List the prime factors of 2345.
5, 7, 67
What are the prime factors of 2269?
2269
What are the prime factors of 61242?
2, 3, 59, 173
What are the prime factors of 523?
523
What are the prime factors of 2105?
5, 421
List the prime factors of 4233.
3, 17, 83
What are the prime factors of 4198?
2, 2099
List the prime factors of 11196.
2, 3, 311
What are the prime factors of 7933?
7933
What are the prime factors of 4153?
4153
What are the prime factors of 632?
2, 79
List the prime factors of 1103.
1103
What are the prime factors of 1713?
3, 571
List the prime factors of 3578.
2, 1789
What are the prime factors of 547?
547
What are the prime factors of 8017?
8017
List the prime factors of 30671.
30671
What are the prime factors of 2933?
7, 419
List the prime factors of 8878.
2, 23, 193
What are the prime factors of 122696?
2, 7, 313
List the prime factors of 75722.
2, 37861
What are the prime factors of 1784?
2, 223
What are the prime factors of 19?
19
What are the prime factors of 1855?
5, 7, 53
What are the prime factors of 68566?